(-1 - -3) + 2?
0
-4 + -7 + 3 + 10
2
-8 - (2 + -6 + (-2 - 1))
-1
(-6 - -3) + (0 - -8)
5
What is 11 - (7 - 5) - 4?
5
Evaluate 9 - (-4 - 7 - -29).
-9
Evaluate -1 - (1 + 0 - (-13 - -11)).
-4
Calculate 1 + (-7 - -10 - 8).
-4
Calculate -1 + -4 + (15 - -6) + -22.
-6
-10 + (-14 + 13 - -7)
-4
What is the value of -6 + 10 - (7 - 3)?
0
What is 1 + 4 + -10 - 1 - -5?
-1
What is the value of 3 - ((-1 - -9) + 1)?
-6
Evaluate (-1 - 1) + (0 - 1) + 5.
2
Evaluate -3 - (1 + 1 + -5 - -3).
-3
What is the value of -8 - ((0 - -5) + -8)?
-5
Evaluate -8 - (-9 - -1) - (-4 - 1).
5
What is 3 + (-2 - -2) + 2?
5
What is (0 - -1) + -15 + 13 - 4?
-5
-3 + 1 + 3 - 5
-4
What is the value of -1 - (4 - -7) - -8?
-4
Calculate 1 - -2 - (2 - 2).
3
Evaluate 9 + (-3 - -1) + -7.
0
What is the value of -18 - -16 - (-1 - -3)?
-4
What is 77 + -75 + (-7 - (1 - 2))?
-4
Calculate (2 - (0 + 5 + -3)) + 0.
0
2 + -1 - (10 + -6)
-3
What is the value of 6 + -17 + (6 - -2 - 3)?
-6
-14 - ((17 - 12) + -10)
-9
Calculate -10 - (-7 + 2 - 4).
-1
8 + (4 - 10) + -9
-7
What is -4 + 11 + -7 + 0 + 1?
1
Calculate 13 + 5 + -14 + -12.
-8
What is the value of -4 - ((8 - -3) + -6)?
-9
-10 - (6 + -16 + 4)
-4
What is the value of -5 + 2 + (-2 - -1) + 3?
-1
7 + -3 - (2 - 0)
2
What is the value of -25 + 20 - (2 + -3)?
-4
Evaluate 0 + 4 - 2 - 6.
-4
Calculate (0 - 2) + -114 + 115.
-1
3 + -9 - (3 + -9 - 5)
5
What is -9 + (2 - (1 - 4))?
-4
Calculate 3 - (-1 - -14 - (7 + -1)).
-4
Evaluate (-12 - -7) + (22 + -3 - 6).
8
What is the value of (7 - -1 - (1 + 2)) + 5?
10
Calculate 2 + (-5 - (2 + 6 + -5)).
-6
What is 6 + -1 - ((10 - 9) + -4)?
8
Calculate 2 - -3 - ((-10 - -24) + -5).
-4
-8 - (-5 + 5 + -7)
-1
Calculate 1 + -1 - (-21 - -23).
-2
Evaluate 35 + -36 + (10 - (-1 - -3)).
7
What is -2 - ((5 - 3) + -5)?
1
What is -12 - -8 - (-1 - 1)?
-2
Calculate 25 - 27 - (1 + 1 + -3).
-1
7 + -15 + 12 + -4
0
Calculate 0 - -3 - 15 - -3 - -5.
-4
Calculate 1 + (-6 - (2 + -5)).
-2
Evaluate 5 + (3 - (5 + 7)).
-4
(-3 - -1) + 0 + (2 - 0)
0
Calculate -2 - (-1 + 4 + -9).
4
Evaluate (1 - 5) + 5 + 0.
1
What is the value of 13 - 11 - (-1 + -1)?
4
Calculate (9 + 15 - 8) + -10.
6
Calculate 3 + -2 + -1 - 5.
-5
What is the value of -2 - (-4 + 1 + 1)?
0
Calculate -7 + -2 + 12 - (5 - 1).
-1
Evaluate 6 + -1 + -1 + -4 + 2.
2
What is the value of 9 + -12 + 6 + -8?
-5
What is the value of (-2 - -6) + (-1 - -2)?
5
What is the value of (-2 - (-2 + -3)) + -7?
-4
What is the value of -5 + 2 - (1 + -6)?
2
Evaluate 3 - -2 - 6 - (3 - 6).
2
Calculate 5 - (-5 + 7) - -2.
5
What is (8 + -4 - -1) + 1?
6
What is 6 + 7 + (-1 - 5)?
7
-18 + 2 - (4 + -12)
-8
Evaluate -5 - (-14 + (9 - 5)).
5
What is 1 + (-4 - (3 + 1 + -4))?
-3
What is the value of (3 + -1 - 7) + (1 - -2)?
-2
Calculate (3 + -3 - 4) + 4.
0
Calculate -7 + (5 + -5 - -4).
-3
Calculate (-24 - -28) + -1 + 0 + -7.
-4
What is 2 + 5 + (13 - 16) + 2?
6
10 + (-7 - -3) + (-1 - 0)
5
1 + (7 + 0 - 4 - 7)
-3
What is the value of -3 + (-5 - -11 - -8)?
11
(-1 - -6) + (-12 - -13) + -6
0
-5 + (3 - 3 - 3) - -4
-4
What is -5 - (0 + (-5 - (7 + -4)))?
3
Evaluate 6 + (-10 - (5 - 12)).
3
-16 - -13 - (0 - 0)
-3
What is the value of 0 + -1 + -3 + 6?
2
What is 11 - (13 + (5 - 13))?
6
Calculate 2 + 4 - (3 + 2).
1
Evaluate -6 + -1 + 9 + -9.
-7
Evaluate -5 - -1 - (-10 - -2).
4
What is the value of (-3 - 0 - 1) + 2?
-2
What is (-1 - -15) + (-8 - (3 - 5))?
8
What is 0 + -4 - -1 - (-37 - -36)?
-2
What is the value of 0 - (-3 + 1 + 9)?
-7
What is 3 + 0 + (17 - 17)?
3
What is the value of -9 - (1 + (-4 + 1 - 3))?
-4
Calculate (-4 - -6) + (-6 - -2) - 2.
-4
What is the value of (1 - 5) + (-32 - -31)?
-5
What is (0 + -1 - (12 - 13)) + 7?
7
Evaluate -9 - (9 + -28 + 8).
2
What is the value of 2 + (-5 - (-6 - -5))?
-2
What is -10 + (-2 - -7 - (-6 + 6))?
-5
What is the value of -2 + (16 - 5 - 1)?
8
-5 - (-2 + -2 - -2)
-3
Evaluate (3 + -2 - (8 + -3)) + 2.
-2
-1 + -1 + (-4 - -3) + -6
-9
Calculate 3 + (0 - (-2 - -7)).
-2
Calculate -10 + 14 + (0 - 0).
4
Evaluate 2 + -6 - (-29 + 33).
-8
Calculate (6 + -10 - (-6 + -1)) + -4.
-1
Evaluate (-3 - (-4 - 5)) + -7.
-1
-4 + 1 + 0 + -2 + 8
3
Evaluate 0 - (-2 + -8 - -5 - -8).
-3
Calculate 0 + (3 + -8 - 0).
-5
What is the value of 6 + -8 - ((3 - -1) + -1)?
-5
What is -7 - -7 - -1 - (2 + 0)?
-1
Calculate -10 + (0 - -1) + 4 + -2.
-7
Evaluate 0 - ((-2 - -2) + -1 - -1).
0
Calculate 0 + (-6 - (3 - (3 + 0))).
-6
What is the value of -14 - (15 + -10 - 26)?
7
Evaluate 10 + -19 - (-4 + -2).
-3
8 + 2 + -12 + 5
3
Calculate 7 - (-5 + -7 + 19).
0
What is -14 + 12 + 1 + 1?
0
What is 2 - (12 - (9 - 5))?
-6
Calculate 4 - (0 + 3) - (-4 + 1).
4
Evaluate -1 + 7 + -1 + -2 + 3.
6
What is the value of (-2 - (-6 - -3)) + -2?
-1
-5 - (-5 + -3 - (0 + -4))
-1
What is -5 - ((1 - (6 + -3)) + 3)?
-6
What is the value of -12 + 16 - (12 + -1) - -6?
-1
(-1 - (6 + -6)) + 5
4
10 + 10 + -16 + 1 + -4
1
What is 7 + -4 + -10 + 4 + 4?
1
4 + 6 + 6 + -16
0
Evaluate 5 - 3 - 1 - -5.
6
-1 + (4 - ((2 - 0) + -2))
3
Calculate (5 - (4 + 3)) + 6.
4
Calculate 2 - (7 + (-6 - -1)).
0
What is -4 + 5 + 0 + -2 + 5?
4
1 - (3 - (-1 - -3) - -2)
-2
Evaluate 4 - (10 - 11 - (3 - 0)).
8
What is the value of 39 + -35 + 1 + -10?
-5
Evaluate (7 - 1 - -5) + -5 - -1.
7
Calculate 5 + (4 - 0) + -2.
7
Evaluate (19 - 10) + -5 + -2 + -5.
-3
Calculate 0 + -3 - (4 + -9).
2
(-11 - (0 - 4)) + 31 + -24
0
What is the value of -1 + (-1 - -2) - 0?
0
Evaluate -12 - -8 - 5 - -12.
3
Evaluate (11 - 8) + 1 + (-2 - 0).
2
86 - 90 - (-1 - (3 - -1))
1
Calculate -4 - ((-10 - -2) + 1).
3
Calculate 3 - (3 - (5 - 5 - 3)).
-3
What is -1 + 3 - (-7 - -11) - 1?
-3
What is (-3 - 0) + (3 - 3 - -7)?
4
What is the value of 1 - (-2 + 4) - (1 - 0)?
-2
What is -9 - ((-17 - -8) + 3)?
-3
Calculate 4 - (-21 + 12 - -22).
-9
What is the value of -2 - -10 - 10 - (-5 + 1)?
2
What is (9 - 3) + (3 - 3)?
6
4 + (1 - (1 - 4)) + -5
3
What is 2 + -4 - (-10 + 2)?
6
Calculate 1 - -1 - (3 - 1) - -5.
5
Evaluate -2 + 5 + -3 + (1 - -3).
4
0 + (-3 + -2 - (-1 - 5))
1
What is -3 + (-3 + -1 - -5)?
-2
Calculate (3 - -5 - 3) + 2.
7
What is -1 + (-3 - 1) + 2?
-3
3 - (7 + (5 - 7))
-2
Evaluate (-2 + 8 + -2 - 1) + 1.
4
What is 10 - 2 - 3 - (16 - 12)?
1
116 + -115 - (-5 + (-2 - -1))
7
Calculate (83 - 77) + -4 + 0.
2
Calculate 3 - (-2 - (2 - 3)).
4
What is -1 + -1 - (10 + (-11 - 7))?
6
(-8 - -3) + 5 - 7
-7
What is 7 + -3 - (-2 + 5 + -4)?
5
What is the value of -5 - (-9 - (-4 - (-1 + 2)))?
-1
What is (-7 - -5) + -2 - (1 + 0)?
-5
What is the value of 3 - (-1 - -6) - (1 - 4)?
1
Evaluate -3 + (0 - -3) + -1.
-1
(-4 + 3 - -5) + -2
2
-3 + -6 + (11 - -2)
4
What is the value of 3 + -4 - (-3 + 1 - 0)?
1
What is the value of (-1 - 2) + -8 - -8?
-3
Calculate -10 + (-2 - -7 - (13 + -12)).
-6
Evaluate 22 - 0 - (-107 - -120).
9
-8 + (9 - 17 - -9)
-7
What is -7 - (-10 - (-4 + 6 + -9))?
-4
7 + 0 - (-11 + -5 + 17)
6
-53 + 45 + 2 + 15
9
Evaluate 10 - (2 - (-2 + (0 - 1))).
5
What is the value of -2 + 10 + 0 - 3?
5
Calculate 29 + -29 + (3 - -1).
4
Calculate 2 + (7 + -4 - 8).
-3
Evaluate -1 + 14 + -7 + 0.
6
(0 + -1 + 3 - -4) + -2
4
Calculate -4 + -3 + 7 + 4 - 2.
2
0 + (9 - 6) - 5 - 5
-7
(-1 + 5 - (10 + 1)) + 4
-3
Calculate (0 - 4) + -5 + 9 + -5.
-5
Calculate 1 + (-4 - -1) - (88 - 94).
4
Evaluate 8 - (-15 - -22) - (-5 - -1).
5
Calculate 3 - ((0 - -3) + -1).
1
Calculate 1 + -8 + 15 + -10.
-2
Calculate 0 + -3 + 0 + 7 + -1.
3
Evaluate 4 + (0 - (-8 - -5 - -5)).
2
Calculate -6 + 12 + (-1 - 3).
2
What is the value of -9 + (-7 - -21 - 4)?
1
0 + 9 + -24 - -11
-4
Evaluate -15 + 0 + -85 + 89 - -4.
-7
Calculate 3 + -5 + 3 - -4.
5
What is the value of 0 + 0 + -2 + 5 - -1?
4
Evaluate (-2 - -1) + 5 - 0.
4
What is (-9 - -1 - 0) + -91 + 98?
-1
Evaluate 7 + 8 + -5 + -4.
6
0 - (-4 + 9 - -2)
-7
0 + (11 - (1 - -9))
1
Evaluate -8 - (-10 + 5 + 2).
-5
-9 + 8 + (6 - 2)
3
5 + -5 + -1 + 9
8
0 - 0 - (-5 - -5)
0
Calculate 4 + -13 + -4 - -15.
2
Evaluate 0 + -2 - (1 - (3 + 0)).
0
7 + -4 + (1 - 0)
4
Evaluate -11 + (9 - -20) - 10.
8
What is 2 - 1 - (6 + (-7 - 2))?
4
What is 2 + 0 + 4 + -1?
5
What is -4 + 6 + -2 + 0?
0
What is the value of (1 - -12) + (11 - 25 - -9)?
8
Calculate (-4 - -4) + -2 + -2.
-4
What is the value of 0 + 3 - (0 - 1)?
4
Calculate 5 + (0 - 3 - -1).
3
What is the value of 8 + -7 - (3 + 0) - -4?
2
Evaluate (-1 - (3 + (5 - 2))) + 2.
-5
Evaluate 4 + 2 + 1 - (2 + 0).
5
What is the value of (